{"id":192,"date":"2020-03-03T19:42:45","date_gmt":"2020-03-03T19:42:45","guid":{"rendered":"http:\/\/feuerwehr-boennigheim.de\/cms\/?page_id=192"},"modified":"2026-03-13T15:54:23","modified_gmt":"2026-03-13T14:54:23","slug":"geschichte","status":"publish","type":"page","link":"https:\/\/feuerwehr-boennigheim.de\/cms\/geschichte\/","title":{"rendered":"Geschichte"},"content":{"rendered":"<p><strong>Geschichte der Feuerwehr B\u00f6nnigheim<\/strong><\/p>\n<p>Lange Zeit bevor es eine organisierte Feuerwehr in B\u00f6nnigheim gab, regelten Erlasse und Verordnungen den Vorbeugenden Brandschutz sowie die Handhabung der st\u00e4dtischen Feuerl\u00f6schger\u00e4te.<\/p>\n<p>&nbsp;<\/p>\n<p><strong>1863<\/strong><\/p>\n<p>Am 9. Juli beschlie\u00dfen die B\u00f6nnigheimer Stadtr\u00e4te das Feuerl\u00f6schwesen in der Stadt neu zu ordnen und eine Pflichtfeuerwehr einzurichten. Bei der Glockengie\u00dferei Kurtz in Stuttgart wird eine doppeltwirkende Buttenspritze f\u00fcr 110 Gulden bestellt.<\/p>\n<p><strong>\u00a0<\/strong><strong>1864 &#8211; Gr\u00fcndungsjahr<\/strong><\/p>\n<p>Am <strong>25.Juli<\/strong> wird Oberamtstierarzt Zipperlen zum ersten Kommandanten gew\u00e4hlt \u2013 die Feuerwehr B\u00f6nnigheim ist gegr\u00fcndet. Noch im selben Jahr werden weitere Ger\u00e4tschaften und Ausr\u00fcstung f\u00fcr 60 Mann beschafft, welche u.a. im Erdgeschoss des Rathauses aufbewahrt sind.<\/p>\n<p><strong>1881<\/strong><\/p>\n<p>In den heutigen Stadtteilen Hohenstein und Hofen werden Pflichtfeuerwehren eingerichtet. Beide Gemeinden beschafften ein Jahr zuvor je eine vierr\u00e4drige Saugfeuerspritze.<\/p>\n<p><strong>1906\/1907<\/strong><\/p>\n<p>In B\u00f6nnigheim wird die st\u00e4dt. Wasserleitung mit 89 Hydranten erstellt. Mehrere Hydrantenwagen erg\u00e4nzen den Ger\u00e4tepark. Diese befinden sich zusammen mit den restlichen Feuerl\u00f6schger\u00e4ten im neugebauten Feuerwehrhaus, das am 10. Mai 1907 eingeweiht wird. Ebenso die im gleichen Jahr erworbene mechanische Rettungsleiter mit 13 Metern L\u00e4nge.<\/p>\n<p><strong>1908 <\/strong><\/p>\n<p>Die Pflichtfeuerwehr B\u00f6nnigheim wird zur Freiwilligen Feuerwehr B\u00f6nnigheim. Bauunternehmer Christian Etzel wird zum Kommandanten gew\u00e4hlt. 130 B\u00fcrger geh\u00f6ren der Feuerwehr an und sind in vier Z\u00fcge eingeteilt.<\/p>\n<p><strong>1914<\/strong><\/p>\n<p>Am 28. Juni wird anl\u00e4sslich des 50-j\u00e4hrigen Jubil\u00e4ums der Feuerwehr B\u00f6nnigheim ein gro\u00dfes Fest gefeiert.<br \/>\nAm selben Tag wird der \u00f6sterreichische Thronfolger in Sarajewo ermordet, was den ersten Weltkrieg ausl\u00f6st.<\/p>\n<p><strong>1925 <\/strong><\/p>\n<p>Auf dem Rathausdach wird eine Sirene angebracht, die die Glocken und H\u00f6rner als Alarmsignal abl\u00f6st.<\/p>\n<p><strong>1933 &#8211; 1945<\/strong><\/p>\n<p>Die nationalsozialistische Herrschaft in Deutschland ver\u00e4ndert auch das Feuerl\u00f6schwesen. Die Freiwillige Feuerwehr wird zur Hilfspolizei.<\/p>\n<p>Als erste Feuerwehr im Bezirk f\u00fchrt die Feuerwehr B\u00f6nnigheim am 25.Oktober 1936 beim Kommandantentag den dreiteiligen L\u00f6schangriff den umliegenden Wehren vor. Im gleichen Jahr erwirbt die Stadt ihre erste Motorspritze, eine TS 8 der Firma Magirus. 1936 wird auch die Feuerwehr in Hohestein zur Freiwilligen Feuerwehr.<\/p>\n<p>Die drei Feuerwehren werden weiter aufger\u00fcstet. 1941 erh\u00e4lt B\u00f6nnigheim eine zweite Tragkraftspritze der Firma Bachert. In Hohenstein wird im Jahr 1943, in Hofen 1944 eine TS 8 angeschafft.<\/p>\n<p>Immer mehr Angeh\u00f6rige der Feuerwehr werden zur Wehrmacht herangezogen, so dass 1943 eine Frauengruppe aufgestellt wird, die als Erg\u00e4nzungsgruppe bis zum Kriegsende, bereitsteht.<\/p>\n<p>Am 7. April 1945 steht B\u00f6nnigheim unter Beschuss von deutscher und franz\u00f6sischer Artillerie. 13 Menschen starben, 24 Wohnh\u00e4user und 21 Scheunen werden durch einen Gro\u00dfbrand zerst\u00f6rt, ebenso wie das barocke Rathaus. Die Feuerwehrangeh\u00f6rigen versuchen vergeblich zu l\u00f6schen. Die L\u00f6scharbeiten werden durch Panzer behindert, die \u00fcber die Schl\u00e4uche und Standrohre fahren.<\/p>\n<p><strong>1946<\/strong><\/p>\n<p>Der Krieg ist zu Ende, die Feuerwehr muss neu organisiert, neue L\u00f6schger\u00e4te angeschafft werden. Im Juli wird eine Tauchpumpe bei der Firma Ritz &amp; Schweitzer bestellt, die daf\u00fcr per Eilgut 25 kg Altmetall erh\u00e4lt.<\/p>\n<p>In Hofen entsteht eine Freiwillige Feuerwehr.<\/p>\n<p><strong>1952 <\/strong><\/p>\n<p>Das erste Feuerwehrauto in B\u00f6nnigheim, ein LF 8 (Ford FK 2000\/Bachert) wird in Dienst gestellt.<\/p>\n<p><strong>1955 <\/strong><\/p>\n<p>Der Fuhrpark in B\u00f6nnigheim wird durch ein Tragkraftspritzenfahrzeug erg\u00e4nzt, der vorhandene Tragkraftspritzenanh\u00e4nger wird zum Waldbrandger\u00e4teanh\u00e4nger umgebaut.<\/p>\n<p><strong>1957<\/strong><\/p>\n<p>Die Feuerwehr in Hofen erh\u00e4lt einen Tragkraftspritzenanh\u00e4nger mit neuer TS.<\/p>\n<p><strong>1961<\/strong><\/p>\n<p>Das B\u00f6nnigheimer Feuerwehrger\u00e4tehaus aus dem Jahre 1907 musste 1960 dem neuen Rettungszentrum weichen. Feuerwehr, DRK und DLRG erhalten eine gemeinsame Unterkunft, welche am 8. Juli offiziell eingeweiht wird.<\/p>\n<p><strong>1964<\/strong><\/p>\n<p>Die stille Alarmierung in Form einer \u201eWeckerlinie\u201c geht in Betrieb.<\/p>\n<p><strong>1968 &#8211; 1971<\/strong><\/p>\n<p>Weitere Beschaffungen erh\u00f6hen die Schlagkraft der drei eigenst\u00e4ndigen Feuerwehren.<br \/>\n1968 erh\u00e4lt B\u00f6nnigheim aus dem zivilen Bev\u00f6lkerungsschutz ein TLF 8 auf einem Unimog Fahrgestell. In Hohenstein wird 1969 ein neues Feuerwehrger\u00e4tehaus eingeweiht und ein Tragkraftspritzenfahrzeug (TSF) (Ford Transit\/Barth) in Dienst gestellt. 1970 kauft auch die Gemeinde Hofen ein TSF (Ford Transit\/Ziegler).<\/p>\n<p>Das LF 8 der FW B\u00f6nnigheim wird 1971 durch ein LF 16 TS ersetzt.<\/p>\n<p><strong>1972\/1973 <\/strong><\/p>\n<p>Im Zuge der Gemeindereform wird Hohenstein 1972 und Hofen ein Jahr sp\u00e4ter eingemeindet und zu einem B\u00f6nnigheimer Stadtteil.<br \/>\nDabei entsteht eine Gesamt Feuerwehr mit drei Abteilungen, wobei jede ihren Standort beibeh\u00e4lt.<\/p>\n<p><strong>1976<\/strong><\/p>\n<p>Das TLF 8 wird durch ein TLF 16\/24 abgel\u00f6st.<\/p>\n<p>Die Altersabteilung, die zur Kameradschaftspflege der ausgeschiedenen Feuerwehrm\u00e4nner dient, wird ins Leben gerufen.<\/p>\n<p><strong>1980 <\/strong><\/p>\n<p>Die ortsans\u00e4ssige Firma Amann &amp; S\u00f6hne spendete den ersten Rettungssatz mit Schere und Spreizer. Ein Mannschaftstransportwagen (MTW) der Marke Mercedes Benz\/Bachert f\u00fcr die Abteilung B\u00f6nnigheim wird angeschafft.<\/p>\n<p><strong>1984<\/strong><\/p>\n<p>Funkmeldeempf\u00e4nger ersetzten die &#8222;Weckerlinie&#8220; als Alarmierungssystem.<\/p>\n<p><strong>1986<\/strong><\/p>\n<p>Das Feuerwehrmagazin B\u00f6nnigheim wird erweitert und renoviert.<\/p>\n<p><strong>1989 &#8211; Jubil\u00e4umsjahr<\/strong><\/p>\n<p>Gro\u00df gefeiert wird das 125-j\u00e4hrige Jubil\u00e4um der Feuerwehr B\u00f6nnigheim. Festakt, Haupt\u00fcbung, Historische Ausstellung, Festwochenende mit Festzelt, Umzug und Zapfenstreich stehen im Jubil\u00e4umsjahr an.<br \/>\nIn Hofen wird das neue Feuerwehrmagazin eingeweiht.<\/p>\n<p><strong>1992<\/strong><\/p>\n<p>Am 1. September wird die Jugendfeuerwehr B\u00f6nnigheim gegr\u00fcndet und sorgt seitdem f\u00fcr Nachwuchs.<\/p>\n<p><strong>1994<\/strong><\/p>\n<p>In Hohenstein wird das neue Feuerwehrmagazin fertiggestellt.<\/p>\n<p>Ein LF 16\/12 l\u00f6st das 23 Jahre alte LF 16-TS in B\u00f6nnigheim ab.<br \/>\nDas LF 16-TS kommt zur Abteilung 3 (Hofen) wo das vorhandene Tragkraftspritzenfahrzeug au\u00dfer Dienst gestellt wird.<\/p>\n<p><strong>1996<\/strong><\/p>\n<p>Die Abteilung 2 (Hohenstein) stellt ein neues LF 8\/6 in Dienst, womit das alte Tragkraftspritzenfahrzeug von 1969 ausgedient hat.<\/p>\n<p><strong>1999 <\/strong><\/p>\n<p>Die Abteilung 3 (Hofen) erh\u00e4lt ein LF8\/6. Das alte LF 16-TS kommt in die ungarische Partnerstadt Balatonbogl\u00e1r wo es weiterhin seinen Dienst verrichtet.<\/p>\n<p><strong>2003<\/strong><\/p>\n<p>Der Mannschaftstransporter aus dem Jahr 1980 wird ersetzt. Die B\u00f6nnigheimer Partnerstadt, Balatonbogl\u00e1r in Ungarn, darf sich \u00fcber den Vorg\u00e4nger freuen.<\/p>\n<p><strong>2007<\/strong><\/p>\n<p>Gemeinderat, Stadtverwaltung und Feuerwehr beschlie\u00dfen ein neues Feuerwehrhaus zu bauen und die drei Abteilungen\/Standorte zusammenzuf\u00fchren.<\/p>\n<p><strong>2010<\/strong><\/p>\n<p>Am 29. Oktober wird das neue Feuerwehrhaus offiziell eingeweiht. 75 Mann verrichten freiwillig Dienst in der Feuerwehr.<\/p>\n<p><strong>2014 \u2013 Jubil\u00e4umsjahr<\/strong><\/p>\n<p>150 Jahre Feuerwehr B\u00f6nnigheim wurde ausgiebig gefeiert. Im Jahr zuvor wurde ein Dudelsack Musikzug gegr\u00fcndet.<\/p>\n<p><strong>2017<\/strong><\/p>\n<p>Nach 41 Jahren im Einsatzdienst wird das TLF 16\/25 au\u00dfer Dienst gestellt. Als Ersatz wird ein HLF 20 beschafft.<\/p>\n<p><strong>2023<\/strong><\/p>\n<p>Das Fahrzeugkonzept, welches durch die Zusammenlegung der Abteilungen zu einer Gesamtwehr sehr L\u00f6schfahrzeuglastig darstellt, \u00e4ndert sich durch die Indienststellung eines Ger\u00e4tewagen-Logistik 2. Dadurch geht ein LF 8\/6 au\u00dfer Dienst und wird in dien Ukraine gespendet. Somit k\u00f6nnen jetzt Logistikaufgaben f\u00fcr B\u00f6nnigheim und den Landkreis abgearbeitet werden. Au\u00dferdem ver\u00e4ndert sich der R\u00fcstzug, da der GW-L2 als zweites Fahrzeug im R\u00fcstzug der Feuerwehr ausr\u00fcckt.<\/p>\n<p><strong>2024<\/strong><\/p>\n<p>Der Gemeinderat beschlie\u00dft die Beschaffung eines MZF, als Ersatzbeschaffung f\u00fcr den 2003 gebauten MTW. Der Ausbau des Fahrzeuges l\u00e4uft aktuell und soll Ende 2025 an die Feuerwehr \u00fcbergeben werden.<\/p>\n<p><strong>2025<\/strong><\/p>\n<p>Der Gemeinderat beschlie\u00dft die Beschaffung eines LF20, als Ersatzbeschaffung f\u00fcr das 1993 erbaute LF 16\/12. Die Planung und Auftragsvergabe l\u00e4uft.<\/p>\n","protected":false},"excerpt":{"rendered":"<p>Geschichte der Feuerwehr B\u00f6nnigheim Lange Zeit bevor es eine organisierte Feuerwehr in B\u00f6nnigheim gab, regelten Erlasse und Verordnungen den Vorbeugenden Brandschutz sowie die Handhabung der st\u00e4dtischen Feuerl\u00f6schger\u00e4te. &nbsp; 1863 Am 9. Juli beschlie\u00dfen die B\u00f6nnigheimer Stadtr\u00e4te das Feuerl\u00f6schwesen in der Stadt neu zu ordnen und eine Pflichtfeuerwehr einzurichten. Bei der Glockengie\u00dferei Kurtz in Stuttgart wird eine doppeltwirkende Buttenspritze f\u00fcr 110&#8230;<\/p>\n","protected":false},"author":1,"featured_media":215,"parent":0,"menu_order":0,"comment_status":"closed","ping_status":"closed","template":"","meta":{"_acf_changed":false,"footnotes":""},"class_list":["post-192","page","type-page","status-publish","has-post-thumbnail","hentry"],"acf":[],"_links":{"self":[{"href":"https:\/\/feuerwehr-boennigheim.de\/cms\/wp-json\/wp\/v2\/pages\/192","targetHints":{"allow":["GET"]}}],"collection":[{"href":"https:\/\/feuerwehr-boennigheim.de\/cms\/wp-json\/wp\/v2\/pages"}],"about":[{"href":"https:\/\/feuerwehr-boennigheim.de\/cms\/wp-json\/wp\/v2\/types\/page"}],"author":[{"embeddable":true,"href":"https:\/\/feuerwehr-boennigheim.de\/cms\/wp-json\/wp\/v2\/users\/1"}],"replies":[{"embeddable":true,"href":"https:\/\/feuerwehr-boennigheim.de\/cms\/wp-json\/wp\/v2\/comments?post=192"}],"version-history":[{"count":10,"href":"https:\/\/feuerwehr-boennigheim.de\/cms\/wp-json\/wp\/v2\/pages\/192\/revisions"}],"predecessor-version":[{"id":2596,"href":"https:\/\/feuerwehr-boennigheim.de\/cms\/wp-json\/wp\/v2\/pages\/192\/revisions\/2596"}],"wp:featuredmedia":[{"embeddable":true,"href":"https:\/\/feuerwehr-boennigheim.de\/cms\/wp-json\/wp\/v2\/media\/215"}],"wp:attachment":[{"href":"https:\/\/feuerwehr-boennigheim.de\/cms\/wp-json\/wp\/v2\/media?parent=192"}],"curies":[{"name":"wp","href":"https:\/\/api.w.org\/{rel}","templated":true}]}}