{"id":55,"date":"2020-03-03T18:26:56","date_gmt":"2020-03-03T18:26:56","guid":{"rendered":"http:\/\/feuerwehr-boennigheim.de\/cms\/?page_id=55"},"modified":"2026-01-13T11:19:03","modified_gmt":"2026-01-13T10:19:03","slug":"jugendfeuerwehr","status":"publish","type":"page","link":"https:\/\/feuerwehr-boennigheim.de\/cms\/jugendfeuerwehr\/","title":{"rendered":"Jugendfeuerwehr"},"content":{"rendered":"\r\n<figure class=\"wp-block-image size-large\"><img fetchpriority=\"high\" decoding=\"async\" width=\"1024\" height=\"683\" class=\"wp-image-1230\" src=\"https:\/\/feuerwehr-boennigheim.de\/cms\/wp-content\/uploads\/2023\/03\/Bild-Homepage-1-1024x683.jpg\" alt=\"\" srcset=\"https:\/\/feuerwehr-boennigheim.de\/cms\/wp-content\/uploads\/2023\/03\/Bild-Homepage-1-1024x683.jpg 1024w, https:\/\/feuerwehr-boennigheim.de\/cms\/wp-content\/uploads\/2023\/03\/Bild-Homepage-1-300x200.jpg 300w, https:\/\/feuerwehr-boennigheim.de\/cms\/wp-content\/uploads\/2023\/03\/Bild-Homepage-1-768x512.jpg 768w, https:\/\/feuerwehr-boennigheim.de\/cms\/wp-content\/uploads\/2023\/03\/Bild-Homepage-1-1536x1024.jpg 1536w, https:\/\/feuerwehr-boennigheim.de\/cms\/wp-content\/uploads\/2023\/03\/Bild-Homepage-1.jpg 2048w\" sizes=\"(max-width: 1024px) 100vw, 1024px\" \/><\/figure>\r\n\r\n<p><strong>Herzlich Willkommen bei der Jugendfeuerwehr B\u00f6nnigheim, wollt ihr mehr \u00fcber uns erfahren, dann bleibt jetzt dran!<\/strong><\/p>\r\n<p><em>Wir sind zwar nicht die Feuerwehr von heute aber ganz bestimmt von morgen!<\/em><\/p>\r\n<p><video controls width=\"780\"><source src=\"https:\/\/feuerwehr-boennigheim.de\/cms\/wp-content\/uploads\/2026\/01\/Video.mov\">Jugendfeuerwehr<\/source><\/video><\/p>\r\n<p>Du bist zwischen 6 und 17 Jahre alt und hast Spa\u00df an Technik, Teamarbeit, Kameradschaft, Ausfl\u00fcgen und bist zus\u00e4tzlich noch interessiert an den gro\u00dfen roten Autos mit Blaulicht? Ja, dann bist du bei uns in der Kinder- und Jugendfeuerwehr genau richtig.<\/p>\r\n<p>Aber wer sind Wir denn eigentlich?<\/p>\r\n<p>Wir sind ca. 55 Kinder und Jugendliche, M\u00e4dchen und Jungs, zwischen 6 und 17 Jahren mit einer Ausbilderst\u00e4rke von 8 Kinderausbildern und 11 Jugendausbildern.<\/p>\r\n<p>Bei uns stehen nicht nur die Grundlagen der feuerwehrtechnischen Ausbildung im Vordergrund, sondern auch, dass man im Team schneller an seine Ziel kommt, als wenn man alleine ist. Au\u00dferdem lernt man wie wichtig es ist sich auf sein Team zu verlassen. Nat\u00fcrlich kommt bei alldem der Spa\u00df und die Freude nicht zu kurz.<\/p>\r\n<p>Du wolltest schon immer mal ein \u201eBerufsfeuerwehrtag&#8220; erleben? Dann sei dabei wenn es wieder hei\u00dft \u201eErstes Rohr Wasser marsch!&#8220;. Wir verbringen hier 24 Stunden bei uns in der Feuerwache und es kann jederzeit ein Einsatz kommen, bei dem wir unser Wissen vertiefen und unser gelerntes anwenden k\u00f6nnen, so wie bei der Berufsfeuerwehr. Gleichzeitig verbringen wir den Tag mit gemeinsam Kochen, Essen, Spiele spielen,&#8230;<\/p>\r\n<p>Haben wir dein Interesse geweckt? Suchst du ebenfalls neue Freunde f\u00fcrs Leben? Dann bist du bei uns genau richtig. Wir finden f\u00fcr jeden die richtige Aufgabe, egal ob gro\u00df oder klein, st\u00e4rker oder schw\u00e4cher. Schau doch einfach mal bei uns vorbei. Wir freuen uns auf DICH!<\/p>\r\n<p>Hast du noch weitere Fragen, dann schau doch auf <a href=\"https:\/\/www.instagram.com\/jugendfeuerwehr_boennigheim\/\">Instagram<\/a> vorbei oder melde dich einfach bei unserem Jugendwart Jannik Joos <a href=\"jannik.joos@feuerwehr-boennigheim.de\">jannik.joos@feuerwehr-boennigheim.de<\/a><\/p>\r\n<p>&nbsp;<\/p>\r\n<p>Deine Kinder- und Jugendfeuerwehr B\u00f6nnigheim<\/p>\r\n<p>&nbsp;<\/p>\r\n<p>Du fragst dich noch wann wir uns immer treffen? Dann bleib noch ein kurzen Moment dran.<\/p>\r\n<p>Unsere \u00dcbungszeiten:<\/p>\r\n<table style=\"height: 150px;\" width=\"871\">\r\n<tbody>\r\n<tr>\r\n<td style=\"text-align: center;\" width=\"201\"><strong>Kinderfeuerwehr (6-8 Jahren)<\/strong><\/td>\r\n<td style=\"text-align: center;\" width=\"201\"><strong>Jugendfeuerwehr (8-17 Jahren)<\/strong><\/td>\r\n<td style=\"text-align: center;\" width=\"201\"><strong>Jugendfeuerwehrsport<\/strong><\/td>\r\n<\/tr>\r\n<tr>\r\n<td style=\"text-align: center;\" width=\"201\">einmal monatlich donnerstags<br \/>jeweils von 16:30 bis 17:30 Uhr<\/td>\r\n<td style=\"text-align: center;\" width=\"201\">alle zwei Wochen donnerstags<br \/>jeweils von 18:00 bis 20:00 Uhr<\/td>\r\n<td style=\"text-align: center;\" width=\"201\">alle zwei Wochen freitags<br \/>jeweils von 18:00 bis 19:30 Uhr<\/td>\r\n<\/tr>\r\n<\/tbody>\r\n<\/table>\r\n<p>&nbsp;<\/p>\r\n<p>&nbsp;<\/p>\r\n\r\n<figure class=\"wp-block-gallery columns-3 is-cropped wp-block-gallery-1 is-layout-flex wp-block-gallery-is-layout-flex\">\r\n<ul class=\"blocks-gallery-grid\">\r\n<li class=\"blocks-gallery-item\">\r\n<figure><img decoding=\"async\" width=\"1024\" height=\"683\" class=\"wp-image-1233\" src=\"https:\/\/feuerwehr-boennigheim.de\/cms\/wp-content\/uploads\/2023\/03\/DSC_0305-1024x683.jpg\" alt=\"\" data-id=\"1233\" data-full-url=\"https:\/\/feuerwehr-boennigheim.de\/cms\/wp-content\/uploads\/2023\/03\/DSC_0305.jpg\" data-link=\"https:\/\/feuerwehr-boennigheim.de\/cms\/jugendfeuerwehr\/dsc_0305\/\" srcset=\"https:\/\/feuerwehr-boennigheim.de\/cms\/wp-content\/uploads\/2023\/03\/DSC_0305-1024x683.jpg 1024w, https:\/\/feuerwehr-boennigheim.de\/cms\/wp-content\/uploads\/2023\/03\/DSC_0305-300x200.jpg 300w, https:\/\/feuerwehr-boennigheim.de\/cms\/wp-content\/uploads\/2023\/03\/DSC_0305-768x512.jpg 768w, https:\/\/feuerwehr-boennigheim.de\/cms\/wp-content\/uploads\/2023\/03\/DSC_0305-1536x1024.jpg 1536w, https:\/\/feuerwehr-boennigheim.de\/cms\/wp-content\/uploads\/2023\/03\/DSC_0305.jpg 2048w\" sizes=\"(max-width: 1024px) 100vw, 1024px\" \/><\/figure>\r\n<\/li>\r\n<li class=\"blocks-gallery-item\">\r\n<figure><img decoding=\"async\" width=\"1024\" height=\"683\" class=\"wp-image-1234\" src=\"https:\/\/feuerwehr-boennigheim.de\/cms\/wp-content\/uploads\/2023\/03\/DSC_0355-1024x683.jpg\" alt=\"\" data-id=\"1234\" data-full-url=\"https:\/\/feuerwehr-boennigheim.de\/cms\/wp-content\/uploads\/2023\/03\/DSC_0355.jpg\" data-link=\"https:\/\/feuerwehr-boennigheim.de\/cms\/jugendfeuerwehr\/dsc_0355\/\" srcset=\"https:\/\/feuerwehr-boennigheim.de\/cms\/wp-content\/uploads\/2023\/03\/DSC_0355-1024x683.jpg 1024w, https:\/\/feuerwehr-boennigheim.de\/cms\/wp-content\/uploads\/2023\/03\/DSC_0355-300x200.jpg 300w, https:\/\/feuerwehr-boennigheim.de\/cms\/wp-content\/uploads\/2023\/03\/DSC_0355-768x512.jpg 768w, https:\/\/feuerwehr-boennigheim.de\/cms\/wp-content\/uploads\/2023\/03\/DSC_0355-1536x1024.jpg 1536w, https:\/\/feuerwehr-boennigheim.de\/cms\/wp-content\/uploads\/2023\/03\/DSC_0355.jpg 2048w\" sizes=\"(max-width: 1024px) 100vw, 1024px\" \/><\/figure>\r\n<\/li>\r\n<li class=\"blocks-gallery-item\">\r\n<figure><img loading=\"lazy\" decoding=\"async\" width=\"1024\" height=\"683\" class=\"wp-image-1235\" src=\"https:\/\/feuerwehr-boennigheim.de\/cms\/wp-content\/uploads\/2023\/03\/DSC_0356-1024x683.jpg\" alt=\"\" data-id=\"1235\" data-full-url=\"https:\/\/feuerwehr-boennigheim.de\/cms\/wp-content\/uploads\/2023\/03\/DSC_0356.jpg\" data-link=\"https:\/\/feuerwehr-boennigheim.de\/cms\/jugendfeuerwehr\/dsc_0356\/\" srcset=\"https:\/\/feuerwehr-boennigheim.de\/cms\/wp-content\/uploads\/2023\/03\/DSC_0356-1024x683.jpg 1024w, https:\/\/feuerwehr-boennigheim.de\/cms\/wp-content\/uploads\/2023\/03\/DSC_0356-300x200.jpg 300w, https:\/\/feuerwehr-boennigheim.de\/cms\/wp-content\/uploads\/2023\/03\/DSC_0356-768x512.jpg 768w, https:\/\/feuerwehr-boennigheim.de\/cms\/wp-content\/uploads\/2023\/03\/DSC_0356-1536x1024.jpg 1536w, https:\/\/feuerwehr-boennigheim.de\/cms\/wp-content\/uploads\/2023\/03\/DSC_0356.jpg 2048w\" sizes=\"(max-width: 1024px) 100vw, 1024px\" \/><\/figure>\r\n<\/li>\r\n<\/ul>\r\n<\/figure>\r\n","protected":false},"excerpt":{"rendered":"<p>Herzlich Willkommen bei der Jugendfeuerwehr B\u00f6nnigheim, wollt ihr mehr \u00fcber uns erfahren, dann bleibt jetzt dran! Wir sind zwar nicht die Feuerwehr von heute aber ganz bestimmt von morgen! Jugendfeuerwehr Du bist zwischen 6 und 17 Jahre alt und hast Spa\u00df an Technik, Teamarbeit, Kameradschaft, Ausfl\u00fcgen und bist zus\u00e4tzlich noch interessiert an den gro\u00dfen roten Autos mit Blaulicht? Ja, dann&#8230;<\/p>\n","protected":false},"author":1,"featured_media":1227,"parent":0,"menu_order":0,"comment_status":"closed","ping_status":"closed","template":"","meta":{"_acf_changed":false,"footnotes":""},"class_list":["post-55","page","type-page","status-publish","has-post-thumbnail","hentry"],"acf":[],"_links":{"self":[{"href":"https:\/\/feuerwehr-boennigheim.de\/cms\/wp-json\/wp\/v2\/pages\/55","targetHints":{"allow":["GET"]}}],"collection":[{"href":"https:\/\/feuerwehr-boennigheim.de\/cms\/wp-json\/wp\/v2\/pages"}],"about":[{"href":"https:\/\/feuerwehr-boennigheim.de\/cms\/wp-json\/wp\/v2\/types\/page"}],"author":[{"embeddable":true,"href":"https:\/\/feuerwehr-boennigheim.de\/cms\/wp-json\/wp\/v2\/users\/1"}],"replies":[{"embeddable":true,"href":"https:\/\/feuerwehr-boennigheim.de\/cms\/wp-json\/wp\/v2\/comments?post=55"}],"version-history":[{"count":24,"href":"https:\/\/feuerwehr-boennigheim.de\/cms\/wp-json\/wp\/v2\/pages\/55\/revisions"}],"predecessor-version":[{"id":2518,"href":"https:\/\/feuerwehr-boennigheim.de\/cms\/wp-json\/wp\/v2\/pages\/55\/revisions\/2518"}],"wp:featuredmedia":[{"embeddable":true,"href":"https:\/\/feuerwehr-boennigheim.de\/cms\/wp-json\/wp\/v2\/media\/1227"}],"wp:attachment":[{"href":"https:\/\/feuerwehr-boennigheim.de\/cms\/wp-json\/wp\/v2\/media?parent=55"}],"curies":[{"name":"wp","href":"https:\/\/api.w.org\/{rel}","templated":true}]}}