{"id":57,"date":"2020-03-03T18:26:56","date_gmt":"2020-03-03T18:26:56","guid":{"rendered":"http:\/\/feuerwehr-boennigheim.de\/cms\/?page_id=57"},"modified":"2026-01-13T10:53:15","modified_gmt":"2026-01-13T09:53:15","slug":"einsatzabteilung","status":"publish","type":"page","link":"https:\/\/feuerwehr-boennigheim.de\/cms\/einsatzabteilung\/","title":{"rendered":"Einsatzabteilung"},"content":{"rendered":"<p><img fetchpriority=\"high\" decoding=\"async\" class=\"alignnone size-medium wp-image-1504\" src=\"https:\/\/feuerwehr-boennigheim.de\/cms\/wp-content\/uploads\/2023\/09\/IMG_9203-300x200.jpeg\" alt=\"\" width=\"300\" height=\"200\" srcset=\"https:\/\/feuerwehr-boennigheim.de\/cms\/wp-content\/uploads\/2023\/09\/IMG_9203-300x200.jpeg 300w, https:\/\/feuerwehr-boennigheim.de\/cms\/wp-content\/uploads\/2023\/09\/IMG_9203-1024x683.jpeg 1024w, https:\/\/feuerwehr-boennigheim.de\/cms\/wp-content\/uploads\/2023\/09\/IMG_9203-768x512.jpeg 768w, https:\/\/feuerwehr-boennigheim.de\/cms\/wp-content\/uploads\/2023\/09\/IMG_9203-1536x1024.jpeg 1536w, https:\/\/feuerwehr-boennigheim.de\/cms\/wp-content\/uploads\/2023\/09\/IMG_9203-2048x1365.jpeg 2048w, https:\/\/feuerwehr-boennigheim.de\/cms\/wp-content\/uploads\/2023\/09\/IMG_9203-320x213.jpeg 320w, https:\/\/feuerwehr-boennigheim.de\/cms\/wp-content\/uploads\/2023\/09\/IMG_9203-480x320.jpeg 480w, https:\/\/feuerwehr-boennigheim.de\/cms\/wp-content\/uploads\/2023\/09\/IMG_9203-800x533.jpeg 800w\" sizes=\"(max-width: 300px) 100vw, 300px\" \/><\/p>\n<p>Die Freiwillige Feuerwehr B\u00f6nnigheim verf\u00fcgt derzeit \u00fcber 69 aktive Mitglieder. 64 M\u00e4nner und f\u00fcnf Frauen haben es sich freiwillig zur Aufgabe gemacht, an 365 Tagen im Jahr Hilfe zu Leisten.\u00a0 Jeder B\u00fcrger zwischen 17 und 65 Jahren kann den Dienst in der Freiwilligen Feuerwehr antreten.<\/p>\n<p>Zur allgemeinen \u00dcbersicht ist die Feuerwehr B\u00f6nnigheim bei \u00dcbungen in zwei L\u00f6schz\u00fcge aufgeteilt. Dem L\u00f6schzug stehen jeweils ein Zugf\u00fchrer und sein Stellvetreter sowie der Kommandant und dessen Stellvertreter vor. Die Aufteilung in L\u00f6schz\u00fcge ist rein organisatorischer Natur und hat beim Ausr\u00fccken keine Bewandtnis.<\/p>\n<p>Alle Feuerwehrleute sind ausgebildete Truppm\u00e4nner und Sprechfunker.<\/p>\n<h4><span style=\"color: #ff0000;\">Ausbildungen:<\/span><\/h4>\n<p><strong>Truppmann Teil I: <\/strong><\/p>\n<p>Zu Beginn der Feuerwehrkarriere hat jedes Mitglied die Grundausbildung zu absolvieren. Die Rund 80-st\u00fcndige Grundausbildung besteht aus zwei grundlegenden Modulen. Die Ausbildung findet in der Regel an Abendterminen und samstags statt, sodass auch berufst<span data-dobid=\"hdw\">\u00e4<\/span>tige Personen an der Ausbildung teilnehmen k\u00f6nnen. Die Feuerwehrausbildung wird in B\u00f6nnigheim oder am Standort Besigheim von Kreisausbildern ausgebildet. Die Erste-Hilfe-Ausbildung wird meist am Standort Freudental absolviert. Die Ausbildungsinhalte der Feuerwehrausbildung richten sich nach dem Lernzielkatalog der Landesfeuerwehrschule Baden-W\u00fcrttemberg in Bruchsal und sind:<\/p>\n<ul>\n<li>Rechtsgrundlage<\/li>\n<li>Brennen und L\u00f6schen<\/li>\n<li>Taktische Einheiten der Feuerwehr<\/li>\n<li>L\u00f6sch\u00fcbung<\/li>\n<li>Technische Hilfeleistung<\/li>\n<li>Fahrzeug- und Ger\u00e4tekunde<\/li>\n<li>Gefahrstoffe<\/li>\n<li>Knoten und Stiche<\/li>\n<li>Leitern<\/li>\n<\/ul>\n<p>Vorraussetzung f\u00fcr die Grundausbildung ist das 17 Lebensjahr und die Mitgliedschaft in einer Feuerwehr<\/p>\n<p>Nach bestehen dieser Ausbildung und Vollendung des 17 Lebensjahres nimmt der Kamerad am Einsatzdienst teil.<\/p>\n<p><strong>Sprechfunker: <\/strong><\/p>\n<p>Die Ausbildung zum Sprechfunker wird am Standort Besigheim in die Grundausbildung integriert. Sie beinhaltet die Ausbildung am analogen Sprechfunkverkehr, theoretisch als auch praktisch.<\/p>\n<p>Vorraussetzung f\u00fcr den Sprechfunker ist die Grundausbildung Truppmann Teil I.<\/p>\n<p><strong>Atemschutzger\u00e4tetr\u00e4ger:<\/strong><\/p>\n<p>Die Ausbildung zum Atemschutzger\u00e4tetr\u00e4ger dauert 35 Stunden. Hier wird neben theoretischem wissen zu Brandarten und Brandreaktionen vorallem das tragen und arbeiten unter umluftunabh\u00e4ngiger Pressluftatmung gelehrt.<\/p>\n<p>Vorraussetzung f\u00fcr diesen Lehrgang sind: Grundausbildung Truppmann Teil I, Sprechfunker, G26, mindestalter von 18 Jahren.<\/p>\n<p><strong>Truppmann Teil II:<\/strong><\/p>\n<p>Nach erfolgreichem Abschluss der Grundausbildung Truppmann Teil I erfolgt dann, \u00fcber einen Zeitraum von zwei Jahren die Truppmann Teil II Ausbildung am eigenen Standort. In dieser Zeit sollte auch der Atemschutzger\u00e4tetr\u00e4gerlehrgang besucht werden.<\/p>\n<p>Die Truppmann Teil II Ausbildung ist eine, auf die \u00f6rtlichen Bed\u00fcrfnisse angepasste, vertiefende Ausbildung. In dieser Zeit k\u00f6nnen viele Erfahrungen gesammelt werden.<\/p>\n<p><strong>\u00a0<\/strong><\/p>\n<p><strong>Truppf\u00fchrer:<\/strong><\/p>\n<p>Nach mindestens zwei Jahren Grundausbildung ( Truppmann I und II) kann auf Landkreisebene der Truppf\u00fchrerlehrgang besucht werden.<\/p>\n<p>Der Ausbildungsinhalt orientiert sich in der mindestens 35 Stunden umfassenden Ausbildung an der Grundausbildung. Allerdings wird hier der Schwerpunkt auf das taktische Verhalten im Einsatz gesetzt, da der Truppf\u00fchrer, im Einsatz einen Trupp mit zwei Feuerwehrangeh\u00f6rigen, eigenst\u00e4ndig f\u00fchren muss.<\/p>\n<p>Vorraussetzung f\u00fcr den Truppf\u00fchrerlehrgang: mindestens zwei Jahre Grundausbildung TM I und II, Sprechfunk, Atemschutzger\u00e4tetr\u00e4gerlehrgang.<\/p>\n<p><strong>Maschinist:<\/strong><\/p>\n<p>Der Maschinistenlehrgang bef\u00e4higt die Feuerwehrangeh\u00f6rigen das Feuerwehrfahrzeug im Einsatz zu fahren und zu bedienen. Hierzu werden theoretische Inhalte, wie das Verhalten\u00a0 bei einer Einsatzfahrt, sowie praktische Inhalte, vorallem in der Feuerl\u00f6schkrieselpumpenbedienung, vermittelt.<\/p>\n<p>Vorraussetzungen: Grundausbildung TM I, F\u00fchrerschein Klasse C<\/p>\n","protected":false},"excerpt":{"rendered":"<p>Die Freiwillige Feuerwehr B\u00f6nnigheim verf\u00fcgt derzeit \u00fcber 69 aktive Mitglieder. 64 M\u00e4nner und f\u00fcnf Frauen haben es sich freiwillig zur Aufgabe gemacht, an 365 Tagen im Jahr Hilfe zu Leisten.\u00a0 Jeder B\u00fcrger zwischen 17 und 65 Jahren kann den Dienst in der Freiwilligen Feuerwehr antreten. Zur allgemeinen \u00dcbersicht ist die Feuerwehr B\u00f6nnigheim bei \u00dcbungen in zwei L\u00f6schz\u00fcge aufgeteilt. Dem L\u00f6schzug&#8230;<\/p>\n","protected":false},"author":1,"featured_media":188,"parent":0,"menu_order":0,"comment_status":"closed","ping_status":"closed","template":"","meta":{"_acf_changed":false,"footnotes":""},"class_list":["post-57","page","type-page","status-publish","has-post-thumbnail","hentry"],"acf":[],"_links":{"self":[{"href":"https:\/\/feuerwehr-boennigheim.de\/cms\/wp-json\/wp\/v2\/pages\/57","targetHints":{"allow":["GET"]}}],"collection":[{"href":"https:\/\/feuerwehr-boennigheim.de\/cms\/wp-json\/wp\/v2\/pages"}],"about":[{"href":"https:\/\/feuerwehr-boennigheim.de\/cms\/wp-json\/wp\/v2\/types\/page"}],"author":[{"embeddable":true,"href":"https:\/\/feuerwehr-boennigheim.de\/cms\/wp-json\/wp\/v2\/users\/1"}],"replies":[{"embeddable":true,"href":"https:\/\/feuerwehr-boennigheim.de\/cms\/wp-json\/wp\/v2\/comments?post=57"}],"version-history":[{"count":19,"href":"https:\/\/feuerwehr-boennigheim.de\/cms\/wp-json\/wp\/v2\/pages\/57\/revisions"}],"predecessor-version":[{"id":2513,"href":"https:\/\/feuerwehr-boennigheim.de\/cms\/wp-json\/wp\/v2\/pages\/57\/revisions\/2513"}],"wp:featuredmedia":[{"embeddable":true,"href":"https:\/\/feuerwehr-boennigheim.de\/cms\/wp-json\/wp\/v2\/media\/188"}],"wp:attachment":[{"href":"https:\/\/feuerwehr-boennigheim.de\/cms\/wp-json\/wp\/v2\/media?parent=57"}],"curies":[{"name":"wp","href":"https:\/\/api.w.org\/{rel}","templated":true}]}}